 by p?
7
Let d(p) = p**2 - 18*p + 102. What is the remainder when 77 is divided by d(14)?
31
Suppose 0 = -5*t + 2*d + 1157, t + 3*d = -0*t + 245. Let r(h) = 11*h + 677. Calculate the remainder when t is divided by r(-58).
38
Let r = 20 - 15. Suppose 144 = 3*d - 5*y + 29, 4*y - 124 = -3*d. Suppose d*k = 49*k - 108. Calculate the remainder when k is divided by r.
2
Let w(a) = -a**3 - 43*a**2 - 226*a + 6. Calculate the remainder when w(-37) is divided by 19 - (0 + 2) - (-17 - -21).
11
Let f be (12/(-14))/(1 - 372/336). Let z(g) = -1. Let d(m) = m**3 - 8*m**2 + m - 13. Let s(c) = -d(c) + z(c). Calculate the remainder when 8 is divided by s(f).
0
Let q = 23038 + -22332. What is the remainder when q is divided by 252?
202
Suppose -3*g + 5*g - 104 = 0. Let n be ((-44)/(-8))/11 + 1/(-2). Suppose n = 8*s - 569 - 647. What is the remainder when s is divided by g?
48
Let i(l) = 46*l**2 - 649*l - 21. What is the remainder when i(15) is divided by 198?
0
Let h = -20 + 70. Suppose -7*q = -2*q - h. Calculate the remainder when (-8)/(-4 - 4)*17 is divided by q.
7
Suppose -36*z = -41*z + 365. Suppose -z = -5*l + 2*j - 4*j, j = 3*l - 35. Calculate the remainder when 48 is divided by l.
9
Suppose 0 = -5*x - 5, 5*n = 3*n - 4*x. Suppose -w - 10 = -n. Calculate the remainder when (-1 - 278/(-8)) + (-2)/w is divided by 21.
13
Let q(w) be the third derivative of -w**5/60 + w**3/2 - 3*w**2. Let f be q(0). Calculate the remainder when 7 is divided by 8/12 - (-19)/f.
0
Let g be -3 + -44 + (0 - -3). Let r = -21 - g. Let s = 486 + -474. What is the remainder when r is divided by s?
11
What is the remainder when 124 is divided by -6 - (-3 - -2 - (26 + -17))?
0
Let p(d) = d**3 - 11*d**2 + 10*d - 19. Let z be p(7). Let k be ((-4)/(-2))/(2/(-111)). Let w = k - z. What is the remainder when w is divided by 12?
10
Suppose -34*r = -37*r - 2*t + 9809, -2*r - 2*t + 6542 = 0. Calculate the remainder when r is divided by 121.
0
Let c = -464 + 473. Calculate the remainder when (-4 + c)*530/25 is divided by 29.
19
Let b(u) = -18*u**3 + 5*u**2 - 5*u + 3. Let m(w) = -18*w**3 + 6*w**2 - 6*w + 4. Let c(g) = -4*b(g) + 3*m(g). Calculate the remainder when c(1) is divided by 6.
0
Suppose -2*p - 1 = -3*p, -12*p + 1276 = 4*s. Calculate the remainder when s is divided by 118.
80
Let m(f) = 646*f - 6398. What is the remainder when 73 is divided by m(10)?
11
Let s(y) = 2*y**2 + 12*y - 14. Let f be s(-7). Let l(x) = -8*x + 2. Calculate the remainder when l(-5) is divided by 1*26 - (4 + f)/1.
20
Calculate the remainder when 279 is divided by (10 + 2)/(((-468)/(-168))/39).
111
Let l be (-4)/(-31 - -15) - (-278)/8. Let n(r) = r**2 + 6*r + 4. Calculate the remainder when (-77)/l*35/(-7) is divided by n(-6).
3
Let d be 8/2*(-4)/48*-6. Suppose -40 - 64 = -d*s. What is the remainder when s is divided by 32?
20
Let c(q) = 232*q - 31. Let b(y) = -77*y + 10. Let r(n) = -7*b(n) - 2*c(n). What is the remainder when r(2) is divided by 12?
10
Let d(x) = -99*x - 111. Let y be d(-1). Suppose -4*o = 3*f - 3 - 2, -5*f + 4*o = 13. Calculate the remainder when 117 is divided by y*(-3 + f + 6/9).
37
What is the remainder when 7365 is divided by ((-9652)/(-304))/(1/4)?
126
What is the remainder when 149076/505 - (-9)/5 is divided by 101?
95
Suppose 3*c + p - 225 = 65, 0 = 3*c - 3*p - 294. Let h = -23 - -48. Calculate the remainder when c is divided by h.
22
Suppose c - 331 = -4*k, -4*k + 144 = -3*c - 175. Calculate the remainder when 8362 is divided by k.
80
Suppose -30*d = -33*d - 798. Let m = -217 - d. Calculate the remainder when 240 is divided by m.
44
Let u = -6901 - -7288. Calculate the remainder when u is divided by 123.
18
Let h(x) = 38*x + 3645. Let q be h(0). Suppose -33*t + 1602 = -q. What is the remainder when t is divided by 32?
31
Suppose w - 52 = -f, 0*w = 5*w - 2*f - 239. What is the remainder when -40 + 10212/259 + (-9626)/(-14) + -2 is divided by w?
48
Let z(r) = 7*r**2 - 4*r - 5. What is the remainder when z(6) is divided by (2*(-6)/12 - (28 + -22)) + 63?
55
Let y = -468 + 563. Suppose 6*q - 4*q = 5*j + 87, -q - 2*j = -57. What is the remainder when y is divided by q?
44
Let f(r) = -1077*r + 578. What is the remainder when f(-5) is divided by 71?
70
Let r = 34 - 55. Let y = -12 - r. Let b(z) = -3*z**2 - 57*z - 100. Calculate the remainder when y is divided by b(-17).
1
Suppose 4*k - 5*l = 37, 3*k + l = 5*k - 17. Let s(j) = 30*j + 182. Let z be s(-6). What is the remainder when 11 - (-1 + 3)*(-1)/z is divided by k?
4
Let v = 34 - 21. Let c = 3642 + -3620. What is the remainder when c is divided by v?
9
Suppose 0 = -18*y + 51968 - 51842. What is the remainder when 624 is divided by y?
1
Let l be -1 + 15/5 - 2. Suppose 0 = 3*b - 6, 4*m = -l*m + 2*b + 32. Calculate the remainder when 18 is divided by m.
0
Let b = 5661 - 5609. Calculate the remainder when 3171 is divided by b.
51
Suppose -12*c = -4*c - 272. What is the remainder when (-2 + -2)*202/(-4) is divided by c?
32
Let p = 2815 - 2658. Calculate the remainder when 179 is divided by p.
22
Let m = 84 + -82. Suppose -m*c - 5*c + 21 = 0. Calculate the remainder when 0 - 1*c/(12/(-112)) is divided by 16.
12
Let v be 7/7 - (2 - 2 - -1). Suppose v = -12*l + 226 + 854. Calculate the remainder when l is divided by 7.
6
Suppose 8*k - 65 = -113. Let d(j) = 5*j**3 + 32*j**2 + 5*j + 20. Calculate the remainder when d(k) is divided by 56.
6
Suppose -363 = -3*y - 3*m, 3*m = -3*y - y + 480. Suppose -240 = 277*j - 285*j. Calculate the remainder when y is divided by j.
27
Suppose 50*o - 146 - 255 = 99. What is the remainder when 1652 is divided by o?
2
Let s be ((-33)/2)/((5/1)/(-10)). Let x(j) = 17*j + 17*j - s*j + 14. Calculate the remainder when x(10) is divided by 13.
11
Let r be -4 - -2*(11 + -5). Suppose 0 = r*u - 506 - 702. What is the remainder when u is divided by 14?
11
Let g = 2337 - 1438. What is the remainder when g is divided by 324?
251
Suppose -89*u - 1026 = -98*u. Suppose 2*j - u = 5*x + 52, 2*j = -2*x + 138. Calculate the remainder when j is divided by 22.
7
Calculate the remainder when 1110 is divided by -7*3324/(-756) + 2/9.
25
Let g(w) = -6*w - 1. Let t be g(-1). Suppose -22 = -t*h + 38. Let z(y) = 4*y**2 - 3*y + 2. What is the remainder when z(-3) is divided by h?
11
Suppose -z + 131 + 224 = 2*v, v - 176 = -z. Suppose 100*c + 16*c + 16*c = 5544. What is the remainder when v is divided by c?
11
Suppose -x + 9 = -3. What is the remainder when (-1)/(-11*(-12)/33) - (-337)/4 is divided by x?
0
Suppose -344*a + 147659 = -371*a + 407777. Calculate the remainder when a is divided by 219.
217
Suppose -4*a + 21 = 33. What is the remainder when 537 is divided by 1440/27 - 2/a?
51
Suppose 0 = -42*h - 147*h - 2935 + 18244. Calculate the remainder when 1132 is divided by h.
79
Suppose z - 21 = 29. Let v = 50 + -99. Let g = -31 - v. What is the remainder when z is divided by g?
14
Let k(y) = -4*y - 11. Let s = -10183 - -10245. What is the remainder when s is divided by k(-8)?
20
Let g be (-15 - -5)/((-2)/8). Suppose 154 = 4*h + 5*b, h = -0*h - 2*b + g. Suppose h = n + 3. What is the remainder when 130 is divided by n?
31
Let n(f) = 18*f**2 - 2*f + 1. Let i(v) be the third derivative of -v**4/4 + 5*v**3/3 + v**2. Calculate the remainder when n(1) is divided by i(0).
7
Let q = -66 + 27. Let a = q - -207. What is the remainder when a is divided by 17?
15
Let f = 117 - 112. Suppose 0 = -b + 4*o - 0*o, 44 = f*b + 2*o. Calculate the remainder when b is divided by 3.
2
Let o be (6/(-4))/(24/(-1760)). Suppose z + 2*k - 90 = 0, 5*k - 227 = -3*z + 42. Let b = o - z. Calculate the remainder when 241 is divided by b.
21
Let s(c) = 2*c**2 - 1. Let t(b) = b**2 - 3*b - 51. Let y be t(9). What is the remainder when (-7)/(-2)*10 - y is divided by s(3)?
15
Let g(i) = i**2 + 17*i + 14. Let d be g(-18). Let c(k) = -2*k - d + 16 + 12. Calculate the remainder when 15 is divided by c(-5).
3
Suppose 2*k = -5*k + 28. Let v(z) = -7*z + 18. Let f be v(k). Calculate the remainder when (396/30)/((-4)/f) is divided by 14.
5
Let b = 189 + -65. Let l be 6/(-9) + (-210)/9. Calculate the remainder when b is divided by l/14*1029/(-42).
40
Suppose -4*w - 1140 = -0*w. Let q = 304 + w. What is the remainder when 71 is divided by q?
14
Suppose 19*q - 96880 = -103*q - 18*q. What is the remain